{"id":450,"date":"2019-12-08T13:14:04","date_gmt":"2019-12-08T12:14:04","guid":{"rendered":"https:\/\/zenaturame.com\/?page_id=450"},"modified":"2020-08-04T22:22:56","modified_gmt":"2020-08-04T20:22:56","slug":"hypnocorporel","status":"publish","type":"page","link":"https:\/\/zenaturame.com\/index.php\/hypnocorporel\/","title":{"rendered":"Hypnocorporel"},"content":{"rendered":"\t\t<div data-elementor-type=\"wp-page\" data-elementor-id=\"450\" class=\"elementor elementor-450\">\n\t\t\t\t\t\t<section class=\"elementor-section elementor-top-section elementor-element elementor-element-1245055a elementor-section-content-top elementor-section-boxed elementor-section-height-default elementor-section-height-default\" data-id=\"1245055a\" data-element_type=\"section\" data-settings=\"{&quot;background_background&quot;:&quot;classic&quot;}\">\n\t\t\t\t\t\t\t<div class=\"elementor-background-overlay\"><\/div>\n\t\t\t\t\t\t\t<div class=\"elementor-container elementor-column-gap-wider\">\n\t\t\t\t\t<div class=\"elementor-column elementor-col-100 elementor-top-column elementor-element elementor-element-508c0d1e\" data-id=\"508c0d1e\" data-element_type=\"column\">\n\t\t\t<div class=\"elementor-widget-wrap elementor-element-populated\">\n\t\t\t\t\t\t<div class=\"elementor-element elementor-element-d7d274a elementor-widget elementor-widget-eael-adv-tabs\" data-id=\"d7d274a\" data-element_type=\"widget\" data-widget_type=\"eael-adv-tabs.default\">\n\t\t\t\t<div class=\"elementor-widget-container\">\n\t\t\t        <div data-scroll-on-click=\"no\" data-scroll-speed=\"300\" id=\"eael-advance-tabs-d7d274a\" class=\"eael-advance-tabs eael-tabs-horizontal eael-tab-auto-active  active-caret-on\" data-tabid=\"d7d274a\">\n            <div class=\"eael-tabs-nav\">\n                <ul class=\"eael-tab-top-icon\" role=\"tablist\">\n                                            <li id=\"quest-ce-que-lhypnocoporel-\" class=\"inactive eael-tab-item-trigger\" aria-selected=\"true\" data-tab=\"1\" role=\"tab\" tabindex=\"0\" aria-controls=\"quest-ce-que-lhypnocoporel--tab\" aria-expanded=\"false\">\n                            \n                                                                                                                            \n                            \n                                                            <span class=\"eael-tab-title  title-after-icon\">Qu'est-ce que l'hypnocoporel ?<\/span>                                                    <\/li>\n                                            <li id=\"a-qui-sadresse-t-elle-\" class=\"inactive eael-tab-item-trigger\" aria-selected=\"false\" data-tab=\"2\" role=\"tab\" tabindex=\"-1\" aria-controls=\"a-qui-sadresse-t-elle--tab\" aria-expanded=\"false\">\n                            \n                                                                                                                            \n                            \n                                                            <span class=\"eael-tab-title  title-after-icon\">A qui s'adresse-t-elle ? <\/span>                                                    <\/li>\n                                            <li id=\"la-mmoire-cellulaire\" class=\"inactive eael-tab-item-trigger\" aria-selected=\"false\" data-tab=\"3\" role=\"tab\" tabindex=\"-1\" aria-controls=\"la-mmoire-cellulaire-tab\" aria-expanded=\"false\">\n                            \n                                                                                                                            \n                            \n                                                            <span class=\"eael-tab-title  title-after-icon\">La m\u00e9moire cellulaire<\/span>                                                    <\/li>\n                                            <li id=\"tarif\" class=\"inactive eael-tab-item-trigger\" aria-selected=\"false\" data-tab=\"4\" role=\"tab\" tabindex=\"-1\" aria-controls=\"tarif-tab\" aria-expanded=\"false\">\n                            \n                                                                                                                            \n                            \n                                                            <span class=\"eael-tab-title  title-after-icon\">Tarif<\/span>                                                    <\/li>\n                                    <\/ul>\n            <\/div>\n            \n            <div class=\"eael-tabs-content\">\n\t\t        \n                    <div id=\"quest-ce-que-lhypnocoporel--tab\" class=\"clearfix eael-tab-content-item inactive\" data-title-link=\"quest-ce-que-lhypnocoporel--tab\">\n\t\t\t\t        \t\t\t\t\t        <p><span style=\"color: #33cccc;\"><u><b>Qu&#8217;est ce que l&#8217;hypnocorporel ?<\/b><\/u><\/span><\/p><p>C&#8217;est une technique qui m\u00e9lange l&#8217;hypnose \u00e0 la psychologie corporelle.<\/p><p>Elle permet un travail plus global de l&#8217;inconscient entre l&#8217;esprit et le corps.<\/p><p>Afin de proposer des suggestions qui vont permettre \u00e0 la personne d&#8217;\u00eatre en \u00e9tat de conscience modifi\u00e9e, afin de lib\u00e9rer les tensions accumul\u00e9es dans le corps.<\/p><p>Ainsi que la lib\u00e9ration de la m\u00e9moire cellulaire.<\/p><p><span style=\"color: #33cccc;\"><strong>Un travail en synergie entre Hypnose et le Corps.<\/strong><\/span><\/p><p><a href=\"https:\/\/zenaturame.com\/wp-content\/uploads\/2019\/12\/hypnocorporel.png\"><img fetchpriority=\"high\" decoding=\"async\" class=\"aligncenter wp-image-534 size-medium\" src=\"https:\/\/zenaturame.com\/wp-content\/uploads\/2019\/12\/hypnocorporel-300x215.png\" alt=\"\" width=\"300\" height=\"215\" srcset=\"https:\/\/zenaturame.com\/wp-content\/uploads\/2019\/12\/hypnocorporel-300x215.png 300w, https:\/\/zenaturame.com\/wp-content\/uploads\/2019\/12\/hypnocorporel-768x549.png 768w, https:\/\/zenaturame.com\/wp-content\/uploads\/2019\/12\/hypnocorporel.png 800w\" sizes=\"(max-width: 300px) 100vw, 300px\" \/><\/a><\/p><p><strong>Pour plus d&#8217;informations sur le sujet de l&#8217;hypnose et psychocorporel : <\/strong><\/p><p>Je vous invite d&#8217;aller sur mon deuxi\u00e8me site :<strong><span style=\"color: #33cccc;\"><a style=\"color: #33cccc;\" href=\"https:\/\/psycho-naitre.com\/\"> https:\/\/psycho-naitre.com<\/a><\/span><\/strong><\/p>\t\t\t\t                            <\/div>\n\t\t        \n                    <div id=\"a-qui-sadresse-t-elle--tab\" class=\"clearfix eael-tab-content-item inactive\" data-title-link=\"a-qui-sadresse-t-elle--tab\">\n\t\t\t\t        \t\t\t\t\t        <p><span style=\"color: #33cccc;\"><strong><u>A qui s&#8217;adresse-t-elle<\/u>\u00a0:<\/strong><\/span><\/p><p>Pour toutes personnes souffrant de d\u00e9connexion entre l&#8217;esprit et le corps, personnes ayant des maladies, personnes anxieuses, pour nettoyer des traumas enfouis dans le pr\u00e9natales ou le pass\u00e9.<\/p>\t\t\t\t                            <\/div>\n\t\t        \n                    <div id=\"la-mmoire-cellulaire-tab\" class=\"clearfix eael-tab-content-item inactive\" data-title-link=\"la-mmoire-cellulaire-tab\">\n\t\t\t\t        \t\t\t\t\t        <p><span style=\"color: #33cccc;\"><strong><span style=\"text-decoration: underline;\">La m\u00e9moire cellulaire<\/span> :<\/strong><\/span><\/p><p>Il aura fallu du temps aux humains pour comprendre que la base de notre vie, de notre Univers et de tout ce qui nous entoure c\u2019est de l\u2019Energie.<\/p><p>Une \u00e9nergie unique qui cherche \u00e0 se r\u00e9pandre et prendre des formes multiples, se disperse ou se rassemble, s\u2019\u00e9parpille ou au contraire se concentre, pour constituer la totalit\u00e9 de ce que nous sommes et de ce qui nous entoure.<\/p><p>La seconde chose importante, c\u2019est de comprendre que l\u2019\u00e9nergie se propage sous forme d\u2019ondes, ce que nous avons tous exp\u00e9riment\u00e9es, en jettant un caillou dans l\u2019eau, il fait na\u00eetre des \u201cronds\u201d<\/p><p><img decoding=\"async\" class=\"size-medium wp-image-216 aligncenter\" src=\"https:\/\/zenaturame.com\/wp-content\/uploads\/2019\/12\/therapie-energetique6-300x206.png\" sizes=\"(max-width: 300px) 100vw, 300px\" srcset=\"https:\/\/zenaturame.com\/wp-content\/uploads\/2019\/12\/therapie-energetique6-300x206.png 300w, https:\/\/zenaturame.com\/wp-content\/uploads\/2019\/12\/therapie-energetique6.png 604w\" alt=\"\" width=\"300\" height=\"206\" \/><\/p><p>L\u2019\u00e9nergie concentr\u00e9e dans le point d\u2019impact se diffuse d\u2019ondes de plus en plus larges.<\/p><p>Et si ces ondes rencontrent un obtacle, elles dessinent d\u2019autres ondes autour de cet obstacle.<\/p><p>C\u2019est un syst\u00e8me de jeux d\u2019\u00e9chos qui se r\u00e9p\u00e8tent \u00e0 l\u2019infini. Une vibration qui raisonne.<\/p><p>C\u2019est \u00e0 partir de ces 2 \u00e9vidences que s\u2019est construit tout le travail autour de la m\u00e9moire du corps.<\/p><p>Chaque individu est constitu\u00e9 d\u2019\u00e9nergie et il est soumis aux mouvements vibratoires de cette \u00e9nergie. On a pu \u00e9tablir ainsi qu\u2019il y a des cycles, qui permettent de commencer \u00e0 savoir de quelle mani\u00e8re l\u2019organisme peut recevoi les impacts, les blessures.<\/p><p>De quelle mani\u00e8re il les garde en m\u00e9moire, de quelle mani\u00e8re les blessures si elles ne sont pas dig\u00e9r\u00e9es , peut r\u00e9sonner dans le corps de plus en plus fort et ainsi de continuer \u00e0 faire souffrir.<\/p><p><strong>Les COINCIDENCES = ce qui fait \u201cECHO\u201d \u201cincidences\u201d sur Soi.<\/strong><\/p><p><img decoding=\"async\" class=\"alignnone size-full wp-image-217 aligncenter\" src=\"https:\/\/zenaturame.com\/wp-content\/uploads\/2019\/12\/therapie-energetique7.png\" alt=\"\" width=\"209\" height=\"227\" \/><\/p><p><img loading=\"lazy\" decoding=\"async\" class=\"alignnone size-medium wp-image-218 aligncenter\" src=\"https:\/\/zenaturame.com\/wp-content\/uploads\/2019\/12\/therapie-energetique8-300x225.png\" sizes=\"(max-width: 300px) 100vw, 300px\" srcset=\"https:\/\/zenaturame.com\/wp-content\/uploads\/2019\/12\/therapie-energetique8-300x225.png 300w, https:\/\/zenaturame.com\/wp-content\/uploads\/2019\/12\/therapie-energetique8.png 638w\" alt=\"\" width=\"300\" height=\"225\" \/><\/p><p>Tout commence \u00e0 partir et m\u00eame avant, d\u00e8s que nos chers parents ont pens\u00e9 \u00e0 nous concevoir !<br \/>Les premi\u00e8res blessures de la douleur de na\u00eetre, la premi\u00e8re respiration existentielle\u2026<\/p><p><img loading=\"lazy\" decoding=\"async\" class=\"size-medium wp-image-219 aligncenter\" src=\"https:\/\/zenaturame.com\/wp-content\/uploads\/2019\/12\/therapie-energetique9-219x300.png\" sizes=\"(max-width: 219px) 100vw, 219px\" srcset=\"https:\/\/zenaturame.com\/wp-content\/uploads\/2019\/12\/therapie-energetique9-219x300.png 219w, https:\/\/zenaturame.com\/wp-content\/uploads\/2019\/12\/therapie-energetique9-768x1050.png 768w, https:\/\/zenaturame.com\/wp-content\/uploads\/2019\/12\/therapie-energetique9-749x1024.png 749w, https:\/\/zenaturame.com\/wp-content\/uploads\/2019\/12\/therapie-energetique9.png 1082w\" alt=\"\" width=\"219\" height=\"300\" \/><\/p><p>Mais aussi, tout au long de nos neufs mois de pr\u00e9paration. Ce sont des param\u00e8tres tr\u00e8s importants.<\/p><p>Tout comme les souffrances g\u00e9n\u00e9rationnelles.<\/p><p>Remonter l\u2019histoire de sa vie , est fort passionnant et beaucoup \u00e0 d\u00e9couvrir. C\u2019est \u00e9galement un partage de transmission.<\/p><p>RIEN N\u2019EST DU AU HASARD.<\/p><p><img loading=\"lazy\" decoding=\"async\" class=\"size-medium wp-image-220 aligncenter\" src=\"https:\/\/zenaturame.com\/wp-content\/uploads\/2019\/12\/therapie-energetique10-230x300.png\" sizes=\"(max-width: 230px) 100vw, 230px\" srcset=\"https:\/\/zenaturame.com\/wp-content\/uploads\/2019\/12\/therapie-energetique10-230x300.png 230w, https:\/\/zenaturame.com\/wp-content\/uploads\/2019\/12\/therapie-energetique10-768x1003.png 768w, https:\/\/zenaturame.com\/wp-content\/uploads\/2019\/12\/therapie-energetique10.png 784w\" alt=\"\" width=\"230\" height=\"300\" \/><\/p>\t\t\t\t                            <\/div>\n\t\t        \n                    <div id=\"tarif-tab\" class=\"clearfix eael-tab-content-item inactive\" data-title-link=\"tarif-tab\">\n\t\t\t\t        \t\t\t\t\t        <p><span style=\"color: #33cccc;\"><strong><u>Tarif<\/u>\u00a0:<\/strong><\/span><\/p><p>Chaque situation n\u00e9cessite un entretien au pr\u00e9alable pour d\u00e9finir le tarif.<\/p>\t\t\t\t                            <\/div>\n\t\t                    <\/div>\n        <\/div>\n\t\t<\/div>\n\t\t\t\t<\/div>\n\t\t\t\t\t<\/div>\n\t\t<\/div>\n\t\t\t\t\t<\/div>\n\t\t<\/section>\n\t\t\t\t<\/div>\n\t\t","protected":false},"excerpt":{"rendered":"<p>Qu&#8217;est-ce que l&#8217;hypnocoporel ? A qui s&#8217;adresse-t-elle ? La m\u00e9moire cellulaire Tarif Qu&#8217;est ce que l&#8217;hypnocorporel ? C&#8217;est une technique qui m\u00e9lange l&#8217;hypnose \u00e0 la psychologie corporelle. Elle permet un travail plus global de l&#8217;inconscient entre l&#8217;esprit et le corps. Afin de proposer des suggestions qui vont permettre \u00e0 la personne d&#8217;\u00eatre en \u00e9tat de [&hellip;]<\/p>\n","protected":false},"author":2,"featured_media":0,"parent":0,"menu_order":0,"comment_status":"closed","ping_status":"closed","template":"","meta":{"_monsterinsights_skip_tracking":false,"_monsterinsights_sitenote_active":false,"_monsterinsights_sitenote_note":"","_monsterinsights_sitenote_category":0,"footnotes":""},"yoast_head":"<!-- This site is optimized with the Yoast SEO plugin v22.7 - https:\/\/yoast.com\/wordpress\/plugins\/seo\/ -->\n<title>Hypnocorporel -<\/title>\n<meta name=\"robots\" content=\"index, follow, max-snippet:-1, max-image-preview:large, max-video-preview:-1\" \/>\n<link rel=\"canonical\" href=\"https:\/\/zenaturame.com\/index.php\/hypnocorporel\/\" \/>\n<meta property=\"og:locale\" content=\"fr_FR\" \/>\n<meta property=\"og:type\" content=\"article\" \/>\n<meta property=\"og:title\" content=\"Hypnocorporel -\" \/>\n<meta property=\"og:description\" content=\"Qu&#8217;est-ce que l&#8217;hypnocoporel ? A qui s&#8217;adresse-t-elle ? La m\u00e9moire cellulaire Tarif Qu&#8217;est ce que l&#8217;hypnocorporel ? C&#8217;est une technique qui m\u00e9lange l&#8217;hypnose \u00e0 la psychologie corporelle. Elle permet un travail plus global de l&#8217;inconscient entre l&#8217;esprit et le corps. Afin de proposer des suggestions qui vont permettre \u00e0 la personne d&#8217;\u00eatre en \u00e9tat de [&hellip;]\" \/>\n<meta property=\"og:url\" content=\"https:\/\/zenaturame.com\/index.php\/hypnocorporel\/\" \/>\n<meta property=\"article:modified_time\" content=\"2020-08-04T20:22:56+00:00\" \/>\n<meta property=\"og:image\" content=\"https:\/\/zenaturame.com\/wp-content\/uploads\/2019\/12\/hypnocorporel-300x215.png\" \/>\n<meta name=\"twitter:card\" content=\"summary_large_image\" \/>\n<meta name=\"twitter:label1\" content=\"Dur\u00e9e de lecture estim\u00e9e\" \/>\n\t<meta name=\"twitter:data1\" content=\"3 minutes\" \/>\n<script type=\"application\/ld+json\" class=\"yoast-schema-graph\">{\"@context\":\"https:\/\/schema.org\",\"@graph\":[{\"@type\":\"WebPage\",\"@id\":\"https:\/\/zenaturame.com\/index.php\/hypnocorporel\/\",\"url\":\"https:\/\/zenaturame.com\/index.php\/hypnocorporel\/\",\"name\":\"Hypnocorporel -\",\"isPartOf\":{\"@id\":\"https:\/\/zenaturame.com\/#website\"},\"primaryImageOfPage\":{\"@id\":\"https:\/\/zenaturame.com\/index.php\/hypnocorporel\/#primaryimage\"},\"image\":{\"@id\":\"https:\/\/zenaturame.com\/index.php\/hypnocorporel\/#primaryimage\"},\"thumbnailUrl\":\"https:\/\/zenaturame.com\/wp-content\/uploads\/2019\/12\/hypnocorporel-300x215.png\",\"datePublished\":\"2019-12-08T12:14:04+00:00\",\"dateModified\":\"2020-08-04T20:22:56+00:00\",\"breadcrumb\":{\"@id\":\"https:\/\/zenaturame.com\/index.php\/hypnocorporel\/#breadcrumb\"},\"inLanguage\":\"fr-FR\",\"potentialAction\":[{\"@type\":\"ReadAction\",\"target\":[\"https:\/\/zenaturame.com\/index.php\/hypnocorporel\/\"]}]},{\"@type\":\"ImageObject\",\"inLanguage\":\"fr-FR\",\"@id\":\"https:\/\/zenaturame.com\/index.php\/hypnocorporel\/#primaryimage\",\"url\":\"https:\/\/zenaturame.com\/wp-content\/uploads\/2019\/12\/hypnocorporel.png\",\"contentUrl\":\"https:\/\/zenaturame.com\/wp-content\/uploads\/2019\/12\/hypnocorporel.png\",\"width\":800,\"height\":572},{\"@type\":\"BreadcrumbList\",\"@id\":\"https:\/\/zenaturame.com\/index.php\/hypnocorporel\/#breadcrumb\",\"itemListElement\":[{\"@type\":\"ListItem\",\"position\":1,\"name\":\"Accueil\",\"item\":\"https:\/\/zenaturame.com\/\"},{\"@type\":\"ListItem\",\"position\":2,\"name\":\"Hypnocorporel\"}]},{\"@type\":\"WebSite\",\"@id\":\"https:\/\/zenaturame.com\/#website\",\"url\":\"https:\/\/zenaturame.com\/\",\"name\":\"\",\"description\":\"\",\"potentialAction\":[{\"@type\":\"SearchAction\",\"target\":{\"@type\":\"EntryPoint\",\"urlTemplate\":\"https:\/\/zenaturame.com\/?s={search_term_string}\"},\"query-input\":\"required name=search_term_string\"}],\"inLanguage\":\"fr-FR\"}]}<\/script>\n<!-- \/ Yoast SEO plugin. -->","yoast_head_json":{"title":"Hypnocorporel -","robots":{"index":"index","follow":"follow","max-snippet":"max-snippet:-1","max-image-preview":"max-image-preview:large","max-video-preview":"max-video-preview:-1"},"canonical":"https:\/\/zenaturame.com\/index.php\/hypnocorporel\/","og_locale":"fr_FR","og_type":"article","og_title":"Hypnocorporel -","og_description":"Qu&#8217;est-ce que l&#8217;hypnocoporel ? A qui s&#8217;adresse-t-elle ? La m\u00e9moire cellulaire Tarif Qu&#8217;est ce que l&#8217;hypnocorporel ? C&#8217;est une technique qui m\u00e9lange l&#8217;hypnose \u00e0 la psychologie corporelle. Elle permet un travail plus global de l&#8217;inconscient entre l&#8217;esprit et le corps. Afin de proposer des suggestions qui vont permettre \u00e0 la personne d&#8217;\u00eatre en \u00e9tat de [&hellip;]","og_url":"https:\/\/zenaturame.com\/index.php\/hypnocorporel\/","article_modified_time":"2020-08-04T20:22:56+00:00","og_image":[{"url":"https:\/\/zenaturame.com\/wp-content\/uploads\/2019\/12\/hypnocorporel-300x215.png"}],"twitter_card":"summary_large_image","twitter_misc":{"Dur\u00e9e de lecture estim\u00e9e":"3 minutes"},"schema":{"@context":"https:\/\/schema.org","@graph":[{"@type":"WebPage","@id":"https:\/\/zenaturame.com\/index.php\/hypnocorporel\/","url":"https:\/\/zenaturame.com\/index.php\/hypnocorporel\/","name":"Hypnocorporel -","isPartOf":{"@id":"https:\/\/zenaturame.com\/#website"},"primaryImageOfPage":{"@id":"https:\/\/zenaturame.com\/index.php\/hypnocorporel\/#primaryimage"},"image":{"@id":"https:\/\/zenaturame.com\/index.php\/hypnocorporel\/#primaryimage"},"thumbnailUrl":"https:\/\/zenaturame.com\/wp-content\/uploads\/2019\/12\/hypnocorporel-300x215.png","datePublished":"2019-12-08T12:14:04+00:00","dateModified":"2020-08-04T20:22:56+00:00","breadcrumb":{"@id":"https:\/\/zenaturame.com\/index.php\/hypnocorporel\/#breadcrumb"},"inLanguage":"fr-FR","potentialAction":[{"@type":"ReadAction","target":["https:\/\/zenaturame.com\/index.php\/hypnocorporel\/"]}]},{"@type":"ImageObject","inLanguage":"fr-FR","@id":"https:\/\/zenaturame.com\/index.php\/hypnocorporel\/#primaryimage","url":"https:\/\/zenaturame.com\/wp-content\/uploads\/2019\/12\/hypnocorporel.png","contentUrl":"https:\/\/zenaturame.com\/wp-content\/uploads\/2019\/12\/hypnocorporel.png","width":800,"height":572},{"@type":"BreadcrumbList","@id":"https:\/\/zenaturame.com\/index.php\/hypnocorporel\/#breadcrumb","itemListElement":[{"@type":"ListItem","position":1,"name":"Accueil","item":"https:\/\/zenaturame.com\/"},{"@type":"ListItem","position":2,"name":"Hypnocorporel"}]},{"@type":"WebSite","@id":"https:\/\/zenaturame.com\/#website","url":"https:\/\/zenaturame.com\/","name":"","description":"","potentialAction":[{"@type":"SearchAction","target":{"@type":"EntryPoint","urlTemplate":"https:\/\/zenaturame.com\/?s={search_term_string}"},"query-input":"required name=search_term_string"}],"inLanguage":"fr-FR"}]}},"_links":{"self":[{"href":"https:\/\/zenaturame.com\/index.php\/wp-json\/wp\/v2\/pages\/450"}],"collection":[{"href":"https:\/\/zenaturame.com\/index.php\/wp-json\/wp\/v2\/pages"}],"about":[{"href":"https:\/\/zenaturame.com\/index.php\/wp-json\/wp\/v2\/types\/page"}],"author":[{"embeddable":true,"href":"https:\/\/zenaturame.com\/index.php\/wp-json\/wp\/v2\/users\/2"}],"replies":[{"embeddable":true,"href":"https:\/\/zenaturame.com\/index.php\/wp-json\/wp\/v2\/comments?post=450"}],"version-history":[{"count":0,"href":"https:\/\/zenaturame.com\/index.php\/wp-json\/wp\/v2\/pages\/450\/revisions"}],"wp:attachment":[{"href":"https:\/\/zenaturame.com\/index.php\/wp-json\/wp\/v2\/media?parent=450"}],"curies":[{"name":"wp","href":"https:\/\/api.w.org\/{rel}","templated":true}]}}